{"id":1658,"date":"2025-10-16T07:53:54","date_gmt":"2025-10-16T07:53:54","guid":{"rendered":"http:\/\/foldana.hu\/ingatlankezeles\/?page_id=38"},"modified":"2025-10-16T07:53:54","modified_gmt":"2025-10-16T07:53:54","slug":"munkatrsaink","status":"publish","type":"page","link":"https:\/\/foldana.hu\/ingatlankezeles\/munkatrsaink\/","title":{"rendered":"Munkat\u00e1rsaink"},"content":{"rendered":"<p><html><body><\/p>\n<div>\n<div class=\"post-38 page type-page status-publish hentry\" id=\"post-38\">\n<div class=\"entry\">\n<p><strong>Dr. Balla R\u00f3bert<\/strong> \u2013 \u00fcgyvezet\u0151, vezet\u0151 jogtan\u00e1csos, ingatlanforgalmi szakjog\u00e1sz<br \/>\n06-1-786-04-02<\/p>\n<p><strong>Dr. Nagy Zsolt Rich\u00e1rd<\/strong> \u2013 oszt\u00e1lyvezet\u0151 jogtan\u00e1csos<br \/>\n06-1-786-04-02<\/p>\n<p><strong>G\u00e1l-Kov\u00e1cs Ida<\/strong> \u2013 kezel\u00e9si vezet\u0151<br \/>\n06-20-459-69-97<br \/>\n06-786-04-02\/20 mell\u00e9k<\/p>\n<p><strong>Dr. Cs\u00e9kei D\u00f3ra<\/strong> \u2013 jogi el\u0151ad\u00f3<br \/>\n06-1-786-04-02\/28 mell\u00e9k<\/p>\n<p><strong>Dr. Tak\u00e1cs Gergely<\/strong> \u2013 jogi el\u0151ad\u00f3<br \/>\n06-1-786-04-02\/28 mell\u00e9k<\/p>\n<p><strong>Marosi Imr\u00e9n\u00e9<\/strong> \u2013 k\u00f6nyvel\u0151<br \/>\n06-1-786-04-02\/16 mell\u00e9k<\/p>\n<p><strong>Gy\u00e9resi Melinda<\/strong> \u2013 sz\u00e1mviteli \u00fcgyint\u00e9z\u0151<br \/>\n06-1-786-04-02\/38 mell\u00e9k<\/p>\n<p><strong>Varga Edina<\/strong> \u2013 t\u00e1rsash\u00e1zkezel\u0151<br \/>\n06-20-329-28-24<br \/>\n06-1-786-04-02\/33 mell\u00e9k<\/p>\n<p><strong>\u00c9zs\u00f6l Judit<\/strong> \u2013 t\u00e1rsash\u00e1zkezel\u0151<br \/>\n06-20-553-23-36<br \/>\n06-1-786-04-02\/17 mell\u00e9k<\/p>\n<p><strong>Csipai Gy\u00f6rgy<\/strong> \u2013 \u00e9p\u00fcletgondnok, karbantart\u00f3<br \/>\n06-20-611-36-74<br \/>\n06-1-786-04-02\/12 mell\u00e9k<\/p>\n<p><strong>Rajku Krisztina<\/strong> \u2013 irodai \u00fcgyint\u00e9z\u0151<br \/>\n06-1-786-04-02\/10 mell\u00e9k<\/p>\n<p><strong>Kubancsik M\u00f3nika<\/strong>\u2013 irodai \u00fcgyint\u00e9z\u0151<br \/>\n06-1-786-04-02\/24 mell\u00e9k<\/p>\n<p class=\"clearboth\">\n<\/div>\n<\/div>\n<\/div>\n<p><\/body><\/html><\/p>\n","protected":false},"excerpt":{"rendered":"<p>Dr. Balla R\u00f3bert \u2013 \u00fcgyvezet\u0151, vezet\u0151 jogtan\u00e1csos, ingatlanforgalmi szakjog\u00e1sz 06-1-786-04-02 Dr. Nagy Zsolt Rich\u00e1rd \u2013 oszt\u00e1lyvezet\u0151 jogtan\u00e1csos 06-1-786-04-02 G\u00e1l-Kov\u00e1cs Ida \u2013 kezel\u00e9si vezet\u0151 06-20-459-69-97 06-786-04-02\/20 mell\u00e9k Dr. Cs\u00e9kei D\u00f3ra \u2013 jogi el\u0151ad\u00f3 06-1-786-04-02\/28 mell\u00e9k Dr. Tak\u00e1cs Gergely \u2013 jogi el\u0151ad\u00f3 06-1-786-04-02\/28 mell\u00e9k Marosi Imr\u00e9n\u00e9 \u2013 k\u00f6nyvel\u0151 06-1-786-04-02\/16 mell\u00e9k Gy\u00e9resi Melinda \u2013 sz\u00e1mviteli \u00fcgyint\u00e9z\u0151 06-1-786-04-02\/38 mell\u00e9k [&hellip;]<\/p>\n","protected":false},"author":1,"featured_media":0,"parent":0,"menu_order":0,"comment_status":"closed","ping_status":"closed","template":"","meta":{"footnotes":""},"class_list":["post-1658","page","type-page","status-publish","hentry"],"_links":{"self":[{"href":"https:\/\/foldana.hu\/ingatlankezeles\/wp-json\/wp\/v2\/pages\/1658","targetHints":{"allow":["GET"]}}],"collection":[{"href":"https:\/\/foldana.hu\/ingatlankezeles\/wp-json\/wp\/v2\/pages"}],"about":[{"href":"https:\/\/foldana.hu\/ingatlankezeles\/wp-json\/wp\/v2\/types\/page"}],"author":[{"embeddable":true,"href":"https:\/\/foldana.hu\/ingatlankezeles\/wp-json\/wp\/v2\/users\/1"}],"replies":[{"embeddable":true,"href":"https:\/\/foldana.hu\/ingatlankezeles\/wp-json\/wp\/v2\/comments?post=1658"}],"version-history":[{"count":0,"href":"https:\/\/foldana.hu\/ingatlankezeles\/wp-json\/wp\/v2\/pages\/1658\/revisions"}],"wp:attachment":[{"href":"https:\/\/foldana.hu\/ingatlankezeles\/wp-json\/wp\/v2\/media?parent=1658"}],"curies":[{"name":"wp","href":"https:\/\/api.w.org\/{rel}","templated":true}]}}