{"id":1666,"date":"2025-10-16T07:53:54","date_gmt":"2025-10-16T07:53:54","guid":{"rendered":"http:\/\/foldana.hu\/ingatlankezeles\/?page_id=124"},"modified":"2025-11-03T10:07:08","modified_gmt":"2025-11-03T09:07:08","slug":"letoltheto-dokumentumok","status":"publish","type":"page","link":"https:\/\/foldana.hu\/ingatlankezeles\/letoltheto-dokumentumok\/","title":{"rendered":"Let\u00f6lthet\u0151 dokumentumok"},"content":{"rendered":"\n<p><a href=\"https:\/\/foldana.hu\/ingatlankezeles\/wp-content\/uploads\/2025\/11\/2003_evi_CXXXIII_tv.pdf\" target=\"_blank\" rel=\"noreferrer noopener\">2003. \u00e9vi CXXXIII tv. a t\u00e1rsash\u00e1zakr\u00f3l<\/a><\/p>\n\n\n\n<p><a href=\"https:\/\/foldana.hu\/ingatlankezeles\/wp-content\/uploads\/2025\/11\/189_1998_korm_rendelet.pdf\" target=\"_blank\" rel=\"noreferrer noopener\">189\/1998. (XI. 23.) Korm. rendelet a k\u00f6zponti f\u0171t\u00e9sr\u0151l \u00e9s melegv\u00edz-szolg\u00e1ltat\u00e1sr\u00f3l<\/a><\/p>\n\n\n\n<p><a href=\"https:\/\/foldana.hu\/ingatlankezeles\/wp-content\/uploads\/2025\/11\/Tulajdonosi_es_lakonyilvantarto_nyomtatvany.pdf\" target=\"_blank\" rel=\"noreferrer noopener\">Tulajdonosi- \u00e9s lak\u00f3nyilv\u00e1ntart\u00f3 nyomtatv\u00e1ny<\/a><\/p>\n\n\n\n<p><a href=\"https:\/\/foldana.hu\/ingatlankezeles\/wp-content\/uploads\/2025\/11\/Kozgyulesi_meghatalmazas.doc\" target=\"_blank\" rel=\"noreferrer noopener\">K\u00f6zgy\u0171l\u00e9si meghatalmaz\u00e1s formanyomtatv\u00e1ny<\/a><\/p>\n\n\n\n<p><a href=\"https:\/\/foldana.hu\/ingatlankezeles\/wp-content\/uploads\/2025\/11\/Mellekmeros_dijmegosztasi_szerzodes.pdf\" target=\"_blank\" rel=\"noreferrer noopener\">V\u00edzm\u0171vek \u2013 Mell\u00e9km\u00e9r\u0151s d\u00edjmegoszt\u00e1si szerz\u0151d\u00e9s<\/a><\/p>\n\n\n\n<p><a href=\"https:\/\/foldana.hu\/ingatlankezeles\/wp-content\/uploads\/2025\/11\/Mellekmeros_dijmeg_szerz_modositas_vizmerocsere_miatt.pdf\" target=\"_blank\" rel=\"noreferrer noopener\">V\u00edzm\u0171vek \u2013 Mell\u00e9km\u00e9r\u0151s d\u00edjmegoszt\u00e1si szerz\u0151d\u00e9s m\u00f3dos\u00edt\u00e1s v\u00edzm\u00e9r\u0151 csere miatt<\/a><\/p>\n\n\n\n<p><a href=\"https:\/\/foldana.hu\/ingatlankezeles\/wp-content\/uploads\/2025\/11\/Vizmuvek_valtozasbejelento_tulajdonosvaltozas_miatt.pdf\" data-type=\"link\" data-id=\"https:\/\/foldana.hu\/ingatlankezeles\/wp-content\/uploads\/2025\/11\/Vizmuvek_valtozasbejelento_tulajdonosvaltozas_miatt.pdf\" target=\"_blank\" rel=\"noreferrer noopener\">V\u00edzm\u0171vek \u2013 Tulajdonosv\u00e1lt\u00e1s miatti v\u00e1ltoz\u00e1sbejelent\u0151 lap<\/a><\/p>\n\n\n\n<p><\/p>\n","protected":false},"excerpt":{"rendered":"<p>2003. \u00e9vi CXXXIII tv. a t\u00e1rsash\u00e1zakr\u00f3l 189\/1998. (XI. 23.) Korm. rendelet a k\u00f6zponti f\u0171t\u00e9sr\u0151l \u00e9s melegv\u00edz-szolg\u00e1ltat\u00e1sr\u00f3l Tulajdonosi- \u00e9s lak\u00f3nyilv\u00e1ntart\u00f3 nyomtatv\u00e1ny K\u00f6zgy\u0171l\u00e9si meghatalmaz\u00e1s formanyomtatv\u00e1ny V\u00edzm\u0171vek \u2013 Mell\u00e9km\u00e9r\u0151s d\u00edjmegoszt\u00e1si szerz\u0151d\u00e9s V\u00edzm\u0171vek \u2013 Mell\u00e9km\u00e9r\u0151s d\u00edjmegoszt\u00e1si szerz\u0151d\u00e9s m\u00f3dos\u00edt\u00e1s v\u00edzm\u00e9r\u0151 csere miatt V\u00edzm\u0171vek \u2013 Tulajdonosv\u00e1lt\u00e1s miatti v\u00e1ltoz\u00e1sbejelent\u0151 lap<\/p>\n","protected":false},"author":1,"featured_media":0,"parent":0,"menu_order":0,"comment_status":"closed","ping_status":"closed","template":"","meta":{"footnotes":""},"class_list":["post-1666","page","type-page","status-publish","hentry"],"_links":{"self":[{"href":"https:\/\/foldana.hu\/ingatlankezeles\/wp-json\/wp\/v2\/pages\/1666","targetHints":{"allow":["GET"]}}],"collection":[{"href":"https:\/\/foldana.hu\/ingatlankezeles\/wp-json\/wp\/v2\/pages"}],"about":[{"href":"https:\/\/foldana.hu\/ingatlankezeles\/wp-json\/wp\/v2\/types\/page"}],"author":[{"embeddable":true,"href":"https:\/\/foldana.hu\/ingatlankezeles\/wp-json\/wp\/v2\/users\/1"}],"replies":[{"embeddable":true,"href":"https:\/\/foldana.hu\/ingatlankezeles\/wp-json\/wp\/v2\/comments?post=1666"}],"version-history":[{"count":2,"href":"https:\/\/foldana.hu\/ingatlankezeles\/wp-json\/wp\/v2\/pages\/1666\/revisions"}],"predecessor-version":[{"id":1916,"href":"https:\/\/foldana.hu\/ingatlankezeles\/wp-json\/wp\/v2\/pages\/1666\/revisions\/1916"}],"wp:attachment":[{"href":"https:\/\/foldana.hu\/ingatlankezeles\/wp-json\/wp\/v2\/media?parent=1666"}],"curies":[{"name":"wp","href":"https:\/\/api.w.org\/{rel}","templated":true}]}}